h + 5*h + 13. Let q be n(-9). Let x(i) be the first derivative of i**4/4 - i**3 - 5*i**2/2 + 4*i - 382. Give x(q).
0
Suppose -3*w + 71 = -194*q + 192*q, -2*q - 14 = 0. Let x(r) = r**2 - 25*r + 84. Give x(w).
-30
Let p(x) be the first derivative of x**4/4 - 6*x**3 + 15*x**2 + 23*x - 1829. What is p(16)?
-9
Let d(f) = 32*f + 132. Let o(k) = -55*k - 444. Let q be o(-8). Determine d(q).
4
Let k be (-3 + 40/10)/(1/2). Suppose -2*r + 10 = -k*j, 65 - 44 = -5*j + 3*r. Let d(z) = -2*z**2 - 2. Give d(j).
-20
Let w(v) be the first derivative of -v**4/2 + 19*v**3/3 + 11*v**2/2 - 2*v + 40. Let x be w(10). Let a(s) = -s + 12. Give a(x).
4
Let s(m) be the third derivative of -m**6/120 + 13*m**5/30 - 25*m**4/24 + 5*m**3/3 + 1865*m**2. Determine s(25).
10
Let a(d) be the third derivative of d**4/8 - d**3 - d**2. Let c be 1406/(-222) + 4/12. Calculate a(c).
-24
Let a(z) = -z**3 - 4*z**2 + 10*z + 13. Let b be a(-9). Suppose 7*g - 377 = -b. Let j(f) = -3 + f - 6 - 1. What is j(g)?
-3
Let u(p) = 7738 - 7728 + p**2 - 7*p - 6*p - 3*p + 9*p. Let s(g) = g**2 - 2*g - 4. Let w be s(4). Give u(w).
-2
Let y(k) = -18*k**2 + 39*k - 3. Let f be y(2). Let a(r) = 19*r - 53. Determine a(f).
4
Suppose -2*a = -0*n - 2*n + 510, -5*n + 251 = -a. Let m be -124*(-8)/a + 2/(-16). Let o(d) = d**3 + 2*d**2 - 6*d + 12. Determine o(m).
4
Let c be -1*0*(-1)/(-3). Suppose c = -3*j + 4 + 23. Let x(t) = 5*t - 7. Let u(p) = 11*p - 14. Let i(h) = 4*u(h) - 9*x(h). Give i(j).
-2
Let o(h) be the second derivative of -10 - 1/6*h**3 - 2*h + h**2. What is o(9)?
-7
Suppose 3*q = -3*t + 156, t - 3*t = 3*q - 103. Let w(g) = 3*g - g**2 - 2*g - t + 58. Give w(4).
-7
Let m(r) = 2*r**2 + 11*r - 5. Let x be m(-9). Suppose -10*u + x + 52 = 0. Let o(a) = a**2 - 10*a + 3. Give o(u).
14
Let i = 237 - 232. Let o(z) be the third derivative of -z**4/6 - 7*z**3/6 + 34*z**2. Calculate o(i).
-27
Let d(t) be the first derivative of -t**2/2 - 11*t + 5442. Determine d(-8).
-3
Suppose -4*r = -124 + 68. Suppose 8*f - 2 - r = 0. Let s(k) = -k**2 + 2*k + 1. Give s(f).
1
Let j(i) = -150*i + 62*i**2 + 169 - 55*i**2 - 254. Calculate j(22).
3
Let i(s) = 2*s**2 + 2*s - 1. Let x be (-34 - -33)*2/(-4)*-6. What is i(x)?
11
Let y(o) be the third derivative of 5*o**4/24 + 41*o**3/3 - 2*o**2 - 228. Determine y(-17).
-3
Suppose -6 + 0 = b. Let a(l) = 365*l + 368*l - 1114*l + 378*l. Calculate a(b).
18
Let c(f) be the first derivative of -f**4/4 - 20*f**3/3 - 19*f**2/2 - 8*f - 1179. What is c(-19)?
-8
Suppose -3*a + 14 = -4*p, 0 = -7*a + 3*a - 2*p + 4. Let w(b) = -4*b**3 + 4*b**2 - b - 3. Give w(a).
-21
Let k(p) = 3*p - 4. Let d = -343 + 222. Let g = 128 + d. What is k(g)?
17
Suppose -2*b - 4*x - 8 = 0, -5*b - 3*x - 7 = 6. Let z(l) = 2*l**2 - 292*l + 3. Let h(a) = 3*a**2 - 340*a + 4. Let c(k) = -6*h(k) + 7*z(k). Give c(b).
-11
Suppose -4*l + 97 = -3*d, 3 = -0*d - d. Suppose -4*j + 6 = -l. Let g(m) = -570*m + 1142*m - 574*m - 9 + 14 + 3. Calculate g(j).
-6
Let b(i) = i - 33. Let l be -3 + 13 + -5 + -1 + 16/4. Calculate b(l).
-25
Let w be (-4)/(-20) - 7008/(-60). Let l(n) = w - 117 - 5*n**2 + n**2 - n. Give l(-1).
-3
Let u(z) = 163*z - 655. Let j be u(4). Let v(x) = 5*x**2 + 5*x + 2. What is v(j)?
32
Let i(u) = 6*u - 7. Suppose -9 = -4*n - 1. Let p be i(n). Let o(a) = -a**2 + 4*a + 7. Give o(p).
2
Let z be 2/(1*(-2)/(-14)). Let y(c) = c**3 - 15*c**2 + 15*c - 12. Let h be y(z). Let n(f) = -2*f + 14*f**2 - 21*f**2 - 2 + 9*f**h. What is n(3)?
10
Let s(o) be the third derivative of 13*o**4/24 - 79*o**3/6 + 1587*o**2. What is s(5)?
-14
Let k be ((-1)/(3/(-6)))/((-26)/(-52)). Let y(m) = m**3 - m**2 - 14*m - 2. Calculate y(k).
-10
Let r(j) be the third derivative of -j**6/120 - 2*j**5/15 + j**4/2 + 13*j**3/2 - 1325*j**2. What is r(-9)?
12
Let x = -16 - -10. Let h(z) = -z - 3. Let a be h(x). Let q(t) = 4*t**3 + t**2 - 5*t + 8. Let u(k) = 3*k**3 - 3*k + 4. Let m(f) = -2*q(f) + 3*u(f). Give m(a).
8
Let c = -112 - -126. Suppose -128 = -2*p - c*p. Let b(r) = p*r - 18 - r**2 + 12 + 0*r**2. Determine b(6).
6
Suppose -16*a + 6*a = 40. Let n(r) = r**2 + 10*r + 8. Let f(u) = -3*u**2 - 31*u - 24. Let d(v) = a*f(v) - 11*n(v). Determine d(-13).
-5
Suppose -10*m + 141 = -120*m - 79. Let c(i) = 5 - 7 + 6*i - 8*i. What is c(m)?
2
Let v(r) = r - 1. Let b(p) = -p**2 + 4*p + 35. Let o(l) = -b(l) - 6*v(l). What is o(12)?
-5
Let n(y) = y + 6. Let u be n(-6). Let d be -1 + 1 + 1 + u. Let b(i) = -216*i**2 - 1 + 430*i**2 - 212*i**2. What is b(d)?
1
Let t(w) = -w**3 - w**2 + 7*w + 9. Suppose -2*a - 3*r - 26 = r, 16 = -2*a - 2*r. Let s be t(a). Let z(l) = l**2 - 3*l - 8. Determine z(s).
10
Let v = 6 + -4. Let k(m) be the first derivative of -m**4/4 + 2*m**3/3 - 3*m**2/2 + 3*m + 178852. Determine k(v).
-3
Suppose -s = -n - 22, -3*s + 2*n + 36 = 5*n. Suppose -s*p = -40 + 6. Let u(l) = -1 + 8*l**2 + l**3 - 6 - 4 - p*l + 2. What is u(-8)?
7
Suppose 8*w + 5*x = 9*w + 17, -4*w = -2*x - 22. Let t be -9 + 8*4/w. Let j(i) = -i - 2. Let z be j(t). Let d(a) = -a**3 + 5*a**2 - a. Give d(z).
15
Let r(k) be the first derivative of -2*k**3/3 - 12*k**2 - 20*k + 5942. Determine r(-9).
34
Let q(h) be the third derivative of h**6/30 + h**5/12 + h**4/4 + h**3/3 - 108*h**2 + 10*h. Calculate q(-2).
-22
Let v = 175 + -165. Let b(i) = 2196*i - 1098*i + v*i**2 - 1099*i. Calculate b(1).
9
Let s(r) = -149*r**3 + 72*r**3 + r**2 + 79*r**3 + r**2. Give s(2).
24
Suppose 8*z + 12 = 14*z. Let u be (75 + -23)*z/(-8). Let y(k) = k**2 + 14*k + 8. Give y(u).
-5
Suppose t = -3, -2*r + 6*t = 4*t. Let i(q) be the third derivative of -q**6/120 - q**5/20 - q**4/8 - q**3/6 - 134*q**2. Give i(r).
8
Let o(t) = -129*t**2 + 69*t - 4. Let u(p) = -83*p**2 + 45*p - 3. Let f(y) = 9*o(y) - 14*u(y). Suppose q - 8 = -1. Determine f(q).
-8
Let j(b) = 13*b**3 - 45*b**2 + 13*b - 48. Let c(q) = -5*q**3 + 15*q**2 - 5*q + 16. Let h(r) = -8*c(r) - 3*j(r). Calculate h(-15).
1
Suppose -22*q + 28*q - 54 = 0. Let a = q + -2. Let d(f) be the first derivative of f**4/4 - 8*f**3/3 + 4*f**2 - 3*f + 2. Give d(a).
4
Let p(o) = -o**3 - 30*o**2 - 79*o + 55. Let l = 6868 - 6895. What is p(l)?
1
Let w(u) = -14*u**2 + 3*u - 33. Let a(m) = 5*m**2 + 11. Let s(y) = -8*a(y) - 3*w(y). Determine s(5).
16
Let l(y) = y**2 - 6*y - 6. Let v(x) = x**3 + 3*x**2 - 2*x + 9. Let k be v(-4). Let u(i) = 19*i - 3. Let d be u(k). Let p = 23 - d. Calculate l(p).
1
Let n = -273 + 276. Suppose 13 = -n*y + 2*j, 10 = -0*y - 2*y + 2*j. Let m(o) = 2*o**2 + 2*o + 2. What is m(y)?
14
Let k(h) = h**2 + 2. Suppose 4*w - 1885 = -9*w. Let y = -145 + w. Determine k(y).
2
Let h = 184 - 180. Let d(t) = -6*t - t**2 + h*t - 5*t + 2 - 8. Determine d(-8).
-14
Let x(w) = 5*w - 16. Let t(g) = -13 + g - 16 - 18 + 44. Let u(k) = 9*t(k) - 2*x(k). Give u(5).
0
Let i(y) = 147*y - 8 + 7 - 172*y. Suppose 0 = j - 2*j - 2*w - 4, -3*j - 5*w - 17 = 0. Let g = j - -13. What is i(g)?
24
Let s = -1066 + 2309. Suppose s*l + 16 = 1235*l. Let m(k) = -2 + 0 - 3*k + 2*k. What is m(l)?
0
Let n(x) = -x**2 + x + 2. Let f(z) = -2*z**2 + 2*z - 5. Suppose -u - 2*u + 13*u = 0. Let t be f(u). Let r be 8*(-2)/(-4) + 35/t. What is n(r)?
-10
Let x(v) = -v**3 + 14*v**2 + v - 12. Let j be (42/(-15))/(22/(-55)). Suppose 19 + 79 = j*s. Determine x(s).
2
Let y(q) be the third derivative of -q**4/24 + q**3/3 - q**2 - 1248. Let r(c) = c**2 + 8*c + 8. Let m be r(-7). Suppose m = -i - 2. Determine y(i).
5
Suppose -59*i - 5*y = -47*i - 48, 0 = -y. Let f(a) = -5*a**2 + a + 15. Calculate f(i).
-61
Suppose -1403 = -4*s - p, -19*p = 2*s - 14*p - 697. Let u = s + -345. Let x(a) = 6*a - 3*a**2 + 4 - 5 + 8*a**2 - a**3. What is x(u)?
-1
Suppose 5*s + 7 = 17. Let r(j) be the first derivative of -70266*j + 70268*j + 0*j**3 - 163 - j**3 - j**2. Calculate r(s).
-14
Let n(b) = b**3 + 4*b**2 + 3*b. Let c be n(-2). Let q(i) = 9206*i - 1 - 2*i**2 - 20182*i + 10977*i. Give q(c).
-7
Suppose -3*f + 20 = 5*t, -f = 4*t - 0*f - 16. Let m be (-4)/14 + 366/1281. Let b(h) = -h**3 + t*h**2 - h + 91 + m*h**2 + 0*h**2 - 87. Determine b(3).
10
Let q(y) be the third derivative of 3*y**4/8 + y**3/2 + 2596*y**2 + 1. Give q(2).
21
Let c(t) = -13*t + 6. Let g be (-12)/(-64) + (-26)/(-32). Give c(g).
-7
Let f = 98 + -95. Let x(w) = 2*w**2 - 6 - 949*w**f + 4*w**2 + 15 - 9*w + 948*w**3. Determine x(4).
5
Let v(l) = -28*l - 78. Let n(p) = 15*p + 37. Let z(a) 